
Is 70280857 composite?
False
Is 104963983 composite?
False
Is 1673377 a composite number?
False
Is 100691389 a prime number?
True
Is 2974033 prime?
True
Is 129188209 prime?
True
Is 78054934 a prime number?
False
Is 36920099 a composite number?
False
Is 31283311 prime?
True
Is 13613429 a prime number?
True
Is 10269947 composite?
False
Is 895747 a composite number?
True
Is 15337909 prime?
False
Is 1249007 composite?
True
Is 2183437 composite?
True
Is 101087583 a composite number?
True
Is 128594083 a prime number?
False
Is 5290457 composite?
True
Is 1220431 a composite number?
True
Is 46480711 prime?
True
Is 521146471 a composite number?
False
Is 491581 a prime number?
True
Is 68597933 a composite number?
True
Is 1084859 a composite number?
False
Is 7236193 prime?
True
Is 741733 a composite number?
True
Is 39166669 composite?
True
Is 18175303 prime?
True
Is 5536019 a composite number?
False
Is 21294451 prime?
True
Is 102406493 a prime number?
False
Is 237749497 prime?
True
Is 205478503 a prime number?
True
Is 10225151 a composite number?
True
Is 39068479 a prime number?
True
Is 395701 composite?
False
Is 1860557 a composite number?
True
Is 138895481 a composite number?
True
Is 18042751 prime?
False
Is 250001809 a composite number?
False
Is 9598513 prime?
False
Is 25989539 prime?
False
Is 531774389 composite?
False
Is 2271551 a prime number?
True
Is 12243367 composite?
False
Is 7673333 a composite number?
False
Is 149441893 composite?
False
Is 13843213 prime?
True
Is 1454449 a composite number?
True
Is 458209 composite?
True
Is 1738459 a composite number?
False
Is 747959 composite?
True
Is 17634641 composite?
True
Is 511919393 composite?
False
Is 214564639 composite?
True
Is 21679739 prime?
True
Is 1162997 prime?
False
Is 463716289 prime?
False
Is 110428207 a composite number?
True
Is 5540977 a composite number?
True
Is 27563381 a composite number?
True
Is 5939359 prime?
False
Is 2106059 a composite number?
False
Is 13359181 prime?
False
Is 2803443869 composite?
False
Is 177165965 a composite number?
True
Is 60499837 a composite number?
False
Is 25073743 prime?
False
Is 37110331 composite?
True
Is 392719321 a composite number?
True
Is 499880749 composite?
False
Is 380955581 composite?
False
Is 16631938 prime?
False
Is 803905 a prime number?
False
Is 152783957 prime?
True
Is 492493031 a prime number?
False
Is 979907 composite?
False
Is 247571873 composite?
False
Is 590431 composite?
False
Is 38265235 a prime number?
False
Is 148170221 composite?
True
Is 116140111 composite?
False
Is 241214 composite?
True
Is 29387521 composite?
True
Is 6033563 a composite number?
False
Is 7609451 composite?
False
Is 51253577 composite?
False
Is 184553 a composite number?
False
Is 687339299 a composite number?
False
Is 57732019 prime?
False
Is 312639709 composite?
False
Is 2689909 a composite number?
True
Is 409355669 a prime number?
True
Is 565677089 prime?
False
Is 43093441 composite?
True
Is 217771927 a composite number?
False
Is 9359633 a prime number?
True
Is 148200923 prime?
False
Is 4699553 composite?
True
Is 15534851 a composite number?
False
Is 6891257 prime?
False
Is 13603567 prime?
True
Is 12984089 a prime number?
True
Is 90396359 prime?
True
Is 202596413 a prime number?
True
Is 287631041 composite?
True
Is 679433 a composite number?
False
Is 404773267 a prime number?
True
Is 30679591 prime?
False
Is 61202443 a composite number?
True
Is 3880907 prime?
True
Is 23991419 a composite number?
True
Is 5826671 composite?
False
Is 346586833 a composite number?
False
Is 1677859 a composite number?
True
Is 137841567 a composite number?
True
Is 1574 a prime number?
False
Is 65259769 a composite number?
False
Is 4134857 a prime number?
True
Is 60618011 a prime number?
True
Is 1658381 prime?
False
Is 245541367 composite?
False
Is 3752989 a composite number?
True
Is 2087179 prime?
True
Is 4146661 composite?
False
Is 6102953 a prime number?
True
Is 1970093 a composite number?
True
Is 7313069 composite?
True
Is 548569997 prime?
True
Is 522779 a prime number?
False
Is 144920717 a composite number?
False
Is 97151 prime?
True
Is 13657531 prime?
False
Is 521198693 a prime number?
True
Is 189425563 prime?
True
Is 481550197 a composite number?
False
Is 35921819 composite?
True
Is 300192241 a composite number?
False
Is 111611413 prime?
False
Is 5744659 a prime number?
True
Is 4432067 prime?
False
Is 4641331 composite?
True
Is 1833499 composite?
True
Is 4645891 composite?
False
Is 132092773 prime?
True
Is 5534699 prime?
False
Is 21663329 composite?
False
Is 1629712499 composite?
False
Is 50230153 composite?
False
Is 6053891 a prime number?
True
Is 473579 composite?
False
Is 6870377 composite?
False
Is 39412331 composite?
True
Is 189492907 a composite number?
False
Is 638087 composite?
True
Is 31532509 a prime number?
False
Is 250476709 composite?
True
Is 3817543 composite?
False
Is 11856461 a composite number?
False
Is 3033409 composite?
False
Is 427313 prime?
False
Is 49650883 a prime number?
True
Is 446235373 prime?
False
Is 6049961 a prime number?
False
Is 249017 composite?
False
Is 95605882 a composite number?
True
Is 131597119 a composite number?
True
Is 780846167 prime?
False
Is 40763651 prime?
True
Is 52005469 a composite number?
False
Is 635053 a prime number?
False
Is 1069217 prime?
True
Is 75499727 composite?
False
Is 5626499 a composite number?
False
Is 40424443 prime?
False
Is 2292167 a composite number?
False
Is 12664073 prime?
False
Is 1094095 a prime number?
False
Is 42195766 a prime number?
False
Is 40225529 prime?
False
Is 17984629 a prime number?
False
Is 1548517 a prime number?
True
Is 1378841 a composite number?
False
Is 21547655 a composite number?
True
Is 28544806 composite?
True
Is 323413 prime?
True
Is 466619 prime?
True
Is 38530747 composite?
False
Is 153001801 prime?
True
Is 236261 prime?
True
Is 332480027 a composite number?
True
Is 51853 a prime number?
True
Is 6151391 a prime number?
True
Is 24438973 a prime number?
False
Is 341294333 prime?
True
Is 1318963 a prime number?
True
Is 111409 a prime number?
True
Is 8844263 a composite number?
False
Is 61069279 composite?
False
Is 19745423 a prime number?
True
Is 9474527 a composite number?
True
Is 60320599 a composite number?
True
Is 68953933 a composite number?
False
Is 10836158 a composite number?
True
Is 361251877 composite?
True
Is 3318421 composite?
False
Is 219477689 a composite number?
False
Is 66675877 a composite number?
True
Is 7527941 prime?
True
Is 24075082 composite?
True
Is 1086847 a composite number?
True
Is 5903687 composite?
False
Is 3855409 a composite number?
False
Is 184123673 prime?
True
Is 145212437 prime?
False
Is 49681 a composite number?
False
Is 205189 a composite number?
True
Is 1825799 a composite number?
True
Is 1756171 prime?
True
Is 18172795 a composite number?
True
Is 101551 a prime number?
False
Is 5569439 a composite number?
True
Is 1494329 prime?
False
Is 412844191 composite?
True
Is 753461 a composite number?
False
Is 3786749 a prime number?
True
Is 7892627 prime?
True
Is 355498127 composite?
False
Is 7568303 a prime number?
True
Is 175091 a prime number?
False
Is 2623897 prime?
True
Is 31718851 prime?
False
Is 13621801 composite?
False
Is 419391961 a prime number?
False
Is 73080901 composite?
True
Is 1518743 a composite number?
False
Is 14564587 prime?
True
Is 42199403 a prime number?
True
Is 34594141 a composite number?
False
Is 8201431 a prime number?
False
Is 385039 composite?
False
Is 27803569 prime?
True
Is 1981929 a composite number?
True
Is 139903 composite?
True
Is 6970681 a composite number?
False
Is 1581094 a prime number?
False
Is 161444845 prime?
False
Is 10675871 a composite number?
False
Is 375281 prime?
True
Is 99691 a prime number?
False
Is 969603 composite?
True
Is 67421 prime?
True
Is 737794403 a composite number?
False
Is 11302519 a composite number?
False
Is 36322651 prime?
False
Is 25932677 a prime number?
True
Is 15120537 a composite number?
True
Is 3759259 prime?
False
Is 1187453 a composite number?
False
Is 332257007 a composite number?
True
Is 244236077 composite?
False
Is 76812247 prime?
True
Is 5933329 composite?
True
Is 9085001 a composite number?
False
Is 22378247 a composite number?
False
Is 1719679 composite?
True
Is 55617439 compo